. List the prime factors of n.
5, 11
Let u(y) = -y**3 - 8*y**2 + 8*y + 1. Let x(i) = i**3 + 9*i**2 + i. Suppose 3 = d + 12. Let m be x(d). List the prime factors of u(m).
2, 5
Let w = -20 + 40. Suppose -2*a - 46 = -z, -w = -2*a + 6*a. What are the prime factors of 368/z + (-4)/18?
2, 5
Let f(a) = -a**3 + 7*a**2 - 5*a - 1. Let y = -2 - -4. Suppose -2*s + 24 = y*s. What are the prime factors of f(s)?
5
Let m(r) = r + 9. List the prime factors of m(-5).
2
Let m(y) = y + 6. Let r be m(0). Suppose -n = -4 - r. Suppose -43 = -3*d - n. What are the prime factors of d?
11
Suppose 0 = -2*s - 3*j + 11, s + 4*j - 4 = 14. Let o be 5/((-10)/8) - s. What are the prime factors of (12/15)/(o/(-10))?
2
Let z(d) = 40*d**3 - 4*d**2 + 2*d + 2. List the prime factors of z(2).
2, 5, 31
Suppose 5*x - 10 = -3*h + 119, -h = -2*x + 56. List the prime factors of x.
3
Suppose j = 2*h + 3, -h = -3*h - 4*j + 22. Let v(m) = m**3 - 4*m**2 + 4*m. Let o be v(3). Let k = h + o. What are the prime factors of k?
2
Suppose 16 + 2 = 2*b. Suppose 4*q - 53 + b = 0. What are the prime factors of ((2 - -1) + -2)*q?
11
What are the prime factors of (-2)/((2/(-248))/1)?
2, 31
Let u = 13 - 44. Let c = 9 + -3. List the prime factors of (u - 2)*(-2)/c.
11
Let o = -105 - -183. List the prime factors of o/24*2*2.
13
Let t(w) = -w + 13. Let n(m) = -m**3 + 11*m**2 + 2*m - 12. Let q be n(11). Let d be t(q). What are the prime factors of (-9 - -1)*(d + -4)?
2
Suppose -3*t + 1 = -3*i - i, -4*t = -4*i + 4. Let r = -7 - -2. List the prime factors of (-86)/i + r/(-10).
2, 11
Suppose 5 = 5*u - 0*u. Suppose -3*m - 20 = 2*m. What are the prime factors of (m + 0)/(u/(-4))?
2
Suppose -2*y + y = 2*j - 106, -2*j = 2*y - 206. List the prime factors of y.
2, 5
Let t be (5 - (1 + 1))*1. Suppose 5*a = -h - t*h - 9, -6 = 3*h + 4*a. What are the prime factors of (h/(-2) + -2)*8?
2
Let k(l) = l**2 + l - 3. Let c be k(4). Let p be 113/4 - 1/4. Suppose -q + c = 4*r, 5*r - p - 2 = -3*q. List the prime factors of r.
3
Let d = -5 - -11. Suppose y - 38 = -3*k, 0 = 2*k - d*k + 3*y + 55. List the prime factors of k.
13
Let t(k) = 7*k + 1. List the prime factors of t(2).
3, 5
Suppose 3*c = 8*c. Suppose -2 = -o - c. Suppose 3*w = -o*w - 2*r + 51, -4*w = 3*r - 38. List the prime factors of w.
11
Suppose -4*c + 3*s - 2*s + 27 = 0, 0 = -4*c - 4*s + 12. Let v be (-2)/((-5)/(45/(-6))). Let m = c + v. List the prime factors of m.
3
Suppose -4*q + 36 = 4*l, 0 = -0*l - l + 4. Suppose 2*b - 5*w = b + 22, -b - 4*w - q = 0. Let n(v) = 3*v - 6. What are the prime factors of n(b)?
3, 5
Suppose 80*i + 150 = 85*i. List the prime factors of i.
2, 3, 5
Let y = -10 - -12. Suppose -2*t = 2*c - 104, 7*t - y*t + 3*c - 260 = 0. List the prime factors of t.
2, 13
Let n = -21 - -35. List the prime factors of n.
2, 7
Let u(c) = -c + 5. Let i be u(10). Let l = 4 - i. What are the prime factors of l?
3
Let g(w) = 3*w**3 - 6*w**2 - 6*w + 4. Let u(s) = -4*s**3 + 6*s**2 + 6*s - 4. Let n(o) = 5*g(o) + 4*u(o). What are the prime factors of n(-5)?
3
Suppose 0 = 8*p - 5*p - 117. List the prime factors of p.
3, 13
Let n be 72/(-7) - (-14)/49. Let u be (3 + -1)*n/(-2). Suppose -5*m + u = -5, 4*m = 2*d - 4. List the prime factors of d.
2
Let o be 10/45 - 16/(-9). Suppose -o*j - 4*a = -0*j - 10, 0 = 4*a + 16. What are the prime factors of j?
13
Suppose 6*l = 5*l + 5*r + 14, -2 = r. Suppose 5*j + n = 14 + 59, -l*n + 52 = 4*j. What are the prime factors of j?
3, 5
Let x = -1 - 0. Let d = 7 + x. List the prime factors of d.
2, 3
Suppose 5*r + 2*t = 999, 3*t + 97 = 2*r - 295. List the prime factors of r.
199
Suppose g = -a - 0*a + 14, -a + 4*g = -24. What are the prime factors of (a/4)/((-1)/(-2))?
2
Let z = 9 - 5. Suppose g + z*g = 40. What are the prime factors of g?
2
Suppose c - 6*c + 60 = 0. What are the prime factors of 40/c*(3 + 0)?
2, 5
Suppose n - 3*y - 6 = -2*y, n - 3*y = 10. Suppose 0 = w + n*w - 50. List the prime factors of w.
2, 5
Let b(c) = -3*c - 6. Let t(z) = z**3 + 8*z**2 - 4. Let x be t(-8). List the prime factors of b(x).
2, 3
Let s = 7 - 12. Let o = 7 + s. List the prime factors of o.
2
Suppose -9 = o - 4*o. Let g be (3/(-2))/o*0. Suppose -3*s - 12 + 45 = g. What are the prime factors of s?
11
Let b be (-40)/12*18/(-15). Suppose -5*p + 42 = 4*h, -2*h = 4*p - b*h - 44. List the prime factors of p.
2, 5
List the prime factors of 1/6 - (-22640)/96.
2, 59
Let i = 5 - 1. Let f(a) = a**3 - 2*a**2 + 2*a - 4. Let k be f(i). Suppose 5*m = 2*m + k. List the prime factors of m.
2, 3
Suppose 75*f = 73*f + 142. List the prime factors of f.
71
Let g(k) = -k**2 - 8*k. Let y be g(-8). Suppose -2*u + 8 = 5*r, y = -0*r - r. Suppose l = u*l - 33. What are the prime factors of l?
11
Suppose -2*r = -0*r + 4, -16 = -4*t - 2*r. Suppose 15 = t*q - 5. Suppose -2*j + 6 = -q. List the prime factors of j.
5
Suppose 125 + 15 = 2*k. List the prime factors of k.
2, 5, 7
Suppose 4*q - 6 = 6. Suppose -27 = 3*h + q*x, -h - 3*x = -2*h - 1. Let m = 11 + h. List the prime factors of m.
2
Let j(o) = 4*o. Suppose -3*a - a + 14 = -2*y, 5*y = a - 17. Let l be j(a). Let u = l - -1. List the prime factors of u.
3
Let j be (-88)/(-56) - 3/(-7). Suppose 5*c - s - 78 = 0, 0*c = j*c - 5*s - 22. List the prime factors of c.
2
Let i = 80 - -79. Let v be 0 - i - 0 - 1. What are the prime factors of v/(-12) - 2/6?
13
Let t(d) = 2*d + 1. Let j be t(-3). Let n(w) = -w**2 - 5*w - 1. Let m be n(-6). Let q = j - m. What are the prime factors of q?
2
Let r(g) = 14*g**2 - 3*g + 2. What are the prime factors of r(2)?
2, 13
Let p(a) = 6*a + 2. List the prime factors of p(6).
2, 19
Suppose -5*p + 4*p - 31 = 0. Let d = p - -49. Suppose -c + 16 = -m, 0*c - c - m = -d. What are the prime factors of c?
17
Suppose 160 = 2*b - 3*a, 2*b = 6*a - a + 160. Suppose 3*j - b = -j. List the prime factors of j.
2, 5
Let s be ((-20)/15)/((-1)/3). Suppose 4*j + 13 - 53 = s*m, -2*j = -5*m - 29. Let v = 23 - j. What are the prime factors of v?
2
Let k = 12 + -33. What are the prime factors of k*(2 + (-16)/6)?
2, 7
Let q = -3 + 3. Suppose -2*m = -5*w - 33, q = -4*m - 3*w + w + 6. What are the prime factors of (4/m)/((-1)/(-12))?
2, 3
Let s(i) = 2*i**2 - i**3 - 2*i + 2*i + 2*i - 2 + i. What are the prime factors of s(2)?
2
Suppose 2 + 6 = -2*p - y, 5*y = 0. Let i = 10 + p. What are the prime factors of i?
2, 3
Let x = 10 - -8. Let c = x + 2. What are the prime factors of c?
2, 5
Let g(n) = 3*n - 2*n + 0*n + 2*n + 1. List the prime factors of g(3).
2, 5
Let v be (0 + 17)*(-7 + 8). Suppose 3*s = 4 - 1. Let u = s + v. List the prime factors of u.
2, 3
Suppose 0*f + 3*f = 0. Suppose o = -f*o + 26. What are the prime factors of o?
2, 13
Let p(v) = v**2 - v + 1. Let h be p(5). Suppose -7 - h = -4*d. What are the prime factors of d?
7
Let n = 18 + 0. List the prime factors of n.
2, 3
Let a(q) = 4*q**3 - q**2. Let k be a(1). Let c(s) be the second derivative of s**4/6 - 2*s**3/3 - s. List the prime factors of c(k).
2, 3
Let x = 18 + -11. Let o = x + 10. What are the prime factors of o?
17
Let a = 17 + -28. Let l(g) = 3*g + 9. Let s be l(-9). Let u = a - s. List the prime factors of u.
7
Let g(m) = -1 + 0*m - 3*m + 2*m. Let v be g(-3). Suppose 0 = o + u - 2*u - 4, -14 = -v*o - u. What are the prime factors of o?
2, 3
What are the prime factors of (-17)/51 - (-49)/3?
2
Let t(b) = b**2 + 3*b + 3. Let a be t(-3). Let z(s) = -s**3 + 2*s**2 + 3*s - 2. Let i be z(a). Let u = 0 - i. What are the prime factors of u?
2
Suppose 716 = 9*z - 49. What are the prime factors of z?
5, 17
Let j(m) = m**3 + 3*m**2 - m - 1. Let r be j(-3). List the prime factors of (-1 - r)/(12/(-156)).
3, 13
Suppose 6*k = 3*k + 3, 0 = 5*r + 3*k - 1478. List the prime factors of r.
5, 59
Let i be 1 + -4 + (-5)/(-1). Suppose 4*y - u = 4*u + 85, 3*u - 15 = -i*y. What are the prime factors of y?
3, 5
Let n be 11 - (-3)/(-6)*2. Let y = -4 + n. What are the prime factors of y?
2, 3
Let o = -31 - -51. What are the prime factors of o?
2, 5
Let v(c) = c**3 + 4*c**2 - 7*c - 6. Let q be v(-5). Suppose -y + 25 = -4*w, 15 = w - q*w. List the prime factors of y.
5
Suppose 0 = -4*u + 347 + 705. List the prime factors of u.
263
Let t be ((-4)/6)/(4/6). Let q be 3*t + (2 - -9). Suppose q*a + 3*c - 13 = 3*a, c = 4*a - 7. List the prime factors of a.
2
Let z(w) = -w - 12. Let g = -